
True
Is 39661 composite?
True
Is 249637 a prime number?
False
Is 36061 prime?
True
Is 5909 a prime number?
False
Is 28895 a composite number?
True
Is 3277 composite?
True
Is 7609 composite?
True
Is 14843 a prime number?
True
Is 3641 composite?
True
Is 18973 a composite number?
False
Is 629 a composite number?
True
Is 93703 a composite number?
False
Is 14621 a prime number?
True
Is 115499 prime?
True
Is 6637 a prime number?
True
Is 130927 a composite number?
False
Is 176815 a composite number?
True
Is 681637 a prime number?
False
Is 41909 a prime number?
False
Is 19999 a prime number?
False
Is 127009 a prime number?
False
Is 7297 prime?
True
Is 84961 prime?
True
Is 15761 a prime number?
True
Is 6469 a prime number?
True
Is 464543 a composite number?
True
Is 905111 a prime number?
True
Is 28099 a prime number?
True
Is 9865 composite?
True
Is 2789 composite?
False
Is 380693 prime?
False
Is 459827 composite?
True
Is 5723 composite?
True
Is 14431 a composite number?
False
Is 6839 a composite number?
True
Is 71 composite?
False
Is 12761 a prime number?
False
Is 11363 a composite number?
True
Is 547889 composite?
False
Is 69313 prime?
True
Is 681277 composite?
True
Is 147341 a prime number?
True
Is 319 composite?
True
Is 118343 a composite number?
False
Is 95253 a composite number?
True
Is 48109 a prime number?
True
Is 1034373 a composite number?
True
Is 386845 prime?
False
Is 6947 composite?
False
Is 80302 prime?
False
Is 106105 a composite number?
True
Is 351317 a composite number?
True
Is 69557 composite?
False
Is 4105 composite?
True
Is 40159 a composite number?
True
Is 132749 composite?
False
Is 38027 composite?
True
Is 2913407 composite?
True
Is 5111 a composite number?
True
Is 4099 a composite number?
False
Is 381283 prime?
False
Is 71879 prime?
True
Is 26461 prime?
False
Is 194777 a prime number?
False
Is 3241733 composite?
True
Is 240619 prime?
False
Is 254479 composite?
True
Is 818557 prime?
False
Is 154189 prime?
False
Is 149311 a prime number?
False
Is 6353 a prime number?
True
Is 37057 a composite number?
False
Is 437413 a prime number?
True
Is 536507 composite?
True
Is 2053 composite?
False
Is 46133 composite?
False
Is 13781 a prime number?
True
Is 27719 a composite number?
True
Is 1277 prime?
True
Is 74389 prime?
False
Is 175771 a prime number?
False
Is 16869 prime?
False
Is 19907 prime?
False
Is 5759 prime?
False
Is 614 composite?
True
Is 127123 a prime number?
True
Is 272093 a composite number?
False
Is 146177 a composite number?
True
Is 71465 a composite number?
True
Is 33323 composite?
True
Is 444767 prime?
True
Is 5261 prime?
True
Is 342529 a prime number?
False
Is 4405 prime?
False
Is 4201 prime?
True
Is 3974 a prime number?
False
Is 16811 a prime number?
True
Is 172279 a composite number?
False
Is 225023 a composite number?
False
Is 2099 a composite number?
False
Is 78467 a composite number?
False
Is 14667 prime?
False
Is 7111 a prime number?
False
Is 27717 composite?
True
Is 412501 composite?
True
Is 9239 a prime number?
True
Is 9573 a prime number?
False
Is 151205 prime?
False
Is 148223 a prime number?
False
Is 288799 composite?
True
Is 3251 composite?
False
Is 94493 composite?
True
Is 331 a composite number?
False
Is 4969 composite?
False
Is 211127 prime?
False
Is 23137 a prime number?
False
Is 794573 prime?
False
Is 124499 composite?
True
Is 22571 prime?
True
Is 1110281 a prime number?
False
Is 29527 a composite number?
False
Is 368021 a prime number?
True
Is 1817 prime?
False
Is 19451 a prime number?
False
Is 1357 prime?
False
Is 12021 a composite number?
True
Is 607301 a prime number?
True
Is 841 a composite number?
True
Is 126107 prime?
True
Is 1347901 prime?
True
Is 8727 a prime number?
False
Is 1751821 a prime number?
True
Is 7438 composite?
True
Is 11901 a composite number?
True
Is 647147 a prime number?
True
Is 75323 a prime number?
True
Is 10077 composite?
True
Is 476347 a prime number?
True
Is 23971 prime?
True
Is 1173581 composite?
False
Is 58603 prime?
True
Is 141541 a composite number?
True
Is 407273 composite?
False
Is 1709 a prime number?
True
Is 61891 composite?
True
Is 26561 prime?
True
Is 628087 composite?
True
Is 98317 prime?
True
Is 8461 a composite number?
False
Is 11201 composite?
True
Is 2609 composite?
False
Is 2638 prime?
False
Is 4619 composite?
True
Is 183859 a prime number?
False
Is 802801 a composite number?
True
Is 448349 a prime number?
False
Is 368777 a prime number?
False
Is 17291 a prime number?
True
Is 507415 a composite number?
True
Is 44209 a prime number?
False
Is 10831 composite?
False
Is 667 composite?
True
Is 49211 prime?
True
Is 341 a prime number?
False
Is 312787 a prime number?
False
Is 1694351 a prime number?
True
Is 2018591 prime?
True
Is 45659 composite?
False
Is 3046 a prime number?
False
Is 44521 prime?
False
Is 485453 a composite number?
True
Is 43311 a prime number?
False
Is 103451 a composite number?
False
Is 35194 a composite number?
True
Is 60739 a prime number?
False
Is 2893 prime?
False
Is 151693 composite?
False
Is 14621 prime?
True
Is 60541 composite?
True
Is 89753 a composite number?
False
Is 115963 composite?
False
Is 30865 a prime number?
False
Is 1481 a prime number?
True
Is 3353 a prime number?
False
Is 449671 prime?
True
Is 3898 a prime number?
False
Is 77943 prime?
False
Is 49747 composite?
False
Is 1763 prime?
False
Is 3557 a composite number?
False
Is 35147 composite?
True
Is 50069 a prime number?
True
Is 68143 a prime number?
False
Is 135911 a composite number?
False
Is 1639 a prime number?
False
Is 4841071 composite?
False
Is 1214945 prime?
False
Is 2346137 prime?
True
Is 13379 prime?
False
Is 3353 a prime number?
False
Is 231581 a composite number?
True
Is 543057 a prime number?
False
Is 12014 prime?
False
Is 22429 a prime number?
False
Is 13379 prime?
False
Is 127441 a composite number?
True
Is 5712431 prime?
True
Is 46173 composite?
True
Is 72269 a prime number?
True
Is 31013 composite?
False
Is 2638 prime?
False
Is 26807 prime?
False
Is 93523 prime?
True
Is 21421 prime?
False
Is 1167249 a prime number?
False
Is 274969 composite?
True
Is 5557 a composite number?
False
Is 27491 prime?
False
Is 5723 a composite number?
True
Is 16249 composite?
False
Is 1043 composite?
True
Is 242551 a composite number?
False
Is 71909 a composite number?
False
Is 49909 a prime number?
False
Is 26591 composite?
False
Is 1829 prime?
False
Is 74471 a composite number?
False
Is 251 prime?
True
Is 10533 a prime number?
False
Is 40049 composite?
True
Is 313303 a prime number?
False
Is 7639 composite?
False
Is 182437 a composite number?
True
Is 5278931 prime?
False
Is 4994299 a prime number?
False
Is 6403 a prime number?
False
Is 33947 a prime number?
False
Is 22054 a prime number?
False
Is 223066 a composite number?
True
Is 146719 composite?
False
Is 63107 composite?
True
Is 526793 prime?
False
Is 340757 a prime number?
True
Is 157261 a prime number?
False
Is 4227 prime?
False
Is 13829 prime?
True
Is 1215743 a prime number?
True
Is 1273 a prime number?
False
Is 123049 a composite number?
False
Is 443 composite?
False
Is 11539 a composite number?
True
Is 169391 a prime number?
False
Is 135251 composite?
True
Is 399911 composite?
False
Is 66077 prime?
False
Is 952957 a composite number?
False
Is 34597 composite?
True
Is 13313 prime?
True
Is 783095 composite?
True
Is 79861 a prime number?
True
Is 252614 composite?
True
Is 496759 composite?
True
Is 147311 a prime number?
True
Is 52963 a composite number?
False
Is 1564945 a prime number?
False
Is 2579 a composite number?
False
Is 484441 composite?
True
Is 3991 a prime number?
False
Is 29567 a prime number?
True
Is 65693 a composite number?
True
Is 85991 a composite number?
False
Is 483523 a composite number?
False
Is 220223 a prime number?
False
Is 1277 a composite number?
False
Is 24749 a composite number?
False
Is 30581 composite?
True
Is 13835 a composite number?
True
Is 32687 a composite number?
False
Is 1799 composite?
True
Is 131207 composite?
True
Is 1107291 prime?
False
Is 15731 a composite number?
False
Is 217157 a prime number?
True
Is 649897 prime?
True
Is 397 a composite number?
False
Is 218591 a prime number?
True
Is 29117 a prime number?
False
Is 14621 a composite number?
False
Is 1328777 a prime number?
True
Is 111